ctors of u.
509
Suppose -44 = 7*l - 3*l. Let j = l - 1. What are the prime factors of (4/j)/((-2)/54)?
3
Suppose -7*x = -1130 - 459. What are the prime factors of x?
227
Suppose 0*b = -4*b + 20. Suppose -2*p = 2*p + b*h - 141, 2*h - 39 = -p. What are the prime factors of p?
29
Let y(a) = -15*a - 19*a - 71 + 43*a. What are the prime factors of y(22)?
127
Let l = 750 - 384. List the prime factors of l.
2, 3, 61
Let q(o) = -17*o**2 + 19*o. Suppose -a + w = -5, 2*a - 1 = -4*w - 9. Let x(l) = -4*l**2 + 5*l. Let f(y) = a*q(y) - 9*x(y). What are the prime factors of f(7)?
7
Let t(a) = -a**2 + 3*a + 4. Let b be t(3). Suppose k - 5*c = -3*k - 3, k + b*c + 6 = 0. List the prime factors of k/9 + (-2334)/(-54).
43
Let a be (-3 + 4)*(-3 - -8). Suppose 207 = a*p - 2*p. List the prime factors of p.
3, 23
What are the prime factors of 315/(-18)*(-980)/25?
2, 7
Let c be 2/(-3)*13*3. Let r be c/(-3) + (-5)/(-15). Let f = r - -4. What are the prime factors of f?
13
Let l(k) = 85*k**2 + 5*k + 8. List the prime factors of l(-2).
2, 13
Suppose -12*j + 89663 = 4*u + 28243, -2*j + 4*u = -10260. List the prime factors of j.
2, 5
Suppose -4*g = 493 - 2921. List the prime factors of g.
607
List the prime factors of (2126/(-6) + (-80 - -74))*-15.
5, 23, 47
Let z = 307 - 571. Let j = 376 + z. What are the prime factors of j?
2, 7
Suppose 5 = -0*s + s, -5*x - 5*s = -2730. What are the prime factors of x?
541
Suppose -y - 2*o + 3*o = -23, 115 = 5*y - 3*o. Let z = y + -7. What are the prime factors of z?
2
Suppose -199 = -4*m + 2*t - t, 193 = 4*m + t. Let x = m + 120. What are the prime factors of x?
13
Let w(d) = -d - 13. Let j be w(-11). Let f be j - (-6 - -2)*71. Suppose 4*y - f = -2*y. List the prime factors of y.
47
Suppose 3*o = 3*h + 3297, o - 4*h = -0*o + 1114. What are the prime factors of o?
2, 547
Let a be (44/12 - 4)*-9. Suppose a*z = z + 100. List the prime factors of z.
2, 5
Suppose 4*z + 5*q - 421 = 0, -5*q + 7*q = 5*z - 551. What are the prime factors of z?
109
Let p(l) = 25*l + 58. What are the prime factors of p(17)?
3, 7, 23
Let m(n) = -n**3 + 5*n**2 + 3*n + 2. Let g be m(6). Let w = g + 16. Suppose -5*a - 2*i + 6 = w, -4*i = -5*a - 9*i. What are the prime factors of a?
2
Let d(v) = 46*v. Let r be d(2). List the prime factors of 7/(28/3)*r.
3, 23
Suppose -7 = -0*i - 7*i. Suppose 0 = s - i, -4*l + 3*s = -2*l - 63. List the prime factors of l.
3, 11
Suppose -12 = -3*k + 2*n, -n - 4 - 5 = -2*k. Let x(v) = v**2 - 7*v + 8. Let c be x(4). What are the prime factors of 4/k*(-234)/c?
3, 13
Suppose -s + 2 = -50. What are the prime factors of 3*(-1)/3 + s?
3, 17
Let h(j) = -7*j**3 + j**2 - j - 1. Let w(y) = 2*y - 20. Let o be w(9). What are the prime factors of h(o)?
61
Let g(q) = 2 + 8*q**2 + 2 + 0 + q**3. Let m be g(-8). Suppose -m*i + 0*i = -44. What are the prime factors of i?
11
Suppose 0 = 2*w - 3*a + 5*a - 252, w - 4*a - 106 = 0. What are the prime factors of w?
2, 61
Suppose 5*s + 25 = 0, 0*b - 246 = -b - s. List the prime factors of b.
251
Let p(k) = -k**3 - 13*k**2 + 2. Let o = -5 + -8. Let v be p(o). List the prime factors of 17 + (-4)/8*v.
2
Suppose -48*p + 4944 = -43104. List the prime factors of p.
7, 11, 13
Let b be (16 - 18)/(2/11). Let s(w) = -15*w - 13. What are the prime factors of s(b)?
2, 19
Let d = 309 + 650. What are the prime factors of d?
7, 137
Suppose 63 = v - 5*l, 0*l + 111 = 2*v + 5*l. Let f(m) = 3*m**3 - 3*m**2 + 2*m + 2. Let h be f(2). Let s = v - h. What are the prime factors of s?
2, 5
Suppose 19*h = -17*h + 1800. List the prime factors of h.
2, 5
Let c be (11/((-44)/402))/((-2)/4). Let a = 361 - c. What are the prime factors of a?
2, 5
Let z(p) be the first derivative of -9*p**2 + 24*p - 24. List the prime factors of z(-7).
2, 3, 5
Suppose 3*w - 24 + 3 = 0. Let g be w + -10 - (-16 - 0). Suppose -2*c = -55 - g. List the prime factors of c.
2, 17
Let u = -208 + 380. Suppose 0 = g - 2*a - u, 4*g - 62 = 5*a + 632. What are the prime factors of g?
2, 11
Let x = -7 + 7. Let r(y) = y + 1. Let p be r(13). Suppose 4*u + p - 70 = x. What are the prime factors of u?
2, 7
Suppose -d + 2 = -2. Suppose -d*i - 37 = -721. Suppose -4*j - o = j - i, 2*o = 5*j - 168. What are the prime factors of j?
2, 17
Suppose -12857 = -8*m + 6151. What are the prime factors of m?
2, 3, 11
Suppose -9*i - 17 = -26. Let n be (-5)/3 + 2/(-6). What are the prime factors of (34 - (5 + n))*i?
31
Suppose 11 = 3*k - 7. Suppose 4*z - k*z = -64. Suppose 2*t = -2*t + z. What are the prime factors of t?
2
Suppose 0*q + 4*q - 5 = -k, 4*k - 8 = -4*q. Suppose i + 5*x + 3 = 0, -i + k = 4*x + 4. What are the prime factors of (-1)/((-28)/9 - i)?
3
Let u(g) be the second derivative of -g**5/20 - g**4/3 + g**3/2 - g. Let r be u(-5). Let t = 4 + r. List the prime factors of t.
2, 7
Suppose 0 = 4*n + 2*i + 44, 3*n + 10*i = 11*i - 28. Let q(x) = -x**3 - 11*x**2 - 22*x + 14. What are the prime factors of q(n)?
2, 67
Suppose -g - 4902 = -3*s, -2*s + 3*s + 5*g - 1634 = 0. List the prime factors of s.
2, 19, 43
Suppose -4*h + 7*d - 5*d + 24 = 0, -5*h = 5*d - 60. List the prime factors of h.
2
Let y be ((-6)/7)/((-24)/112) + -2. List the prime factors of -1 + -5 + y + 105.
101
Suppose 6 = -4*d - 54. Let y = d + 146. List the prime factors of y.
131
Suppose 0 = -7*w + 1834 + 350. Suppose 8*b - 312 - w = 0. List the prime factors of b.
2, 3, 13
Let r be (-30)/(-75) + (-36)/(-10). Let d(b) = 3*b**2 - 3*b + 3. List the prime factors of d(r).
3, 13
Let p be 34/10 - 8/20. Let q(s) = -10 - 2 + 3 - 6*s**2 + s**3 + 0*s**3 + p*s. List the prime factors of q(6).
3
Let y(u) = -u**3 - 13*u**2 - 12*u + 4. Let v be y(-12). Let q(k) = 11*k + 6. List the prime factors of q(v).
2, 5
Let d(y) = -396*y - 34. List the prime factors of d(-4).
2, 5, 31
What are the prime factors of 13*69 + (0 - (-3 - -2))?
2, 449
Let d(g) = -g**3 + 13*g**2 + 2*g - 23. Let z be d(13). Suppose 3*c - 199 = -5*f, -2*c = -z*f + c + 129. What are the prime factors of f?
41
Let p = 8 - 6. Suppose v - 4*q = -p - 2, -3*v = 4*q + 44. Let f = v + 20. List the prime factors of f.
2
Suppose -5*h + 9*f + 11568 = 5*f, 0 = 4*h + 2*f - 9270. List the prime factors of h.
2, 3, 193
Suppose -4*u = -310 - 1834. What are the prime factors of u?
2, 67
Let m(b) = 70*b**2 + 3*b - 3*b. Let n be m(-1). Suppose 0 = z - 3*z + n. What are the prime factors of z?
5, 7
Let y(l) = l**3 - 7*l**2 + 5*l + 9. Let a be y(6). Let p(f) = -3*f - 4 + 0*f - f**a - 4*f + 8*f**2 + 12*f. List the prime factors of p(8).
2, 3
List the prime factors of 8 + -4 - -456 - (-16)/(-4).
2, 3, 19
Let c(d) = d**3 + 19*d**2 - 6*d - 50. What are the prime factors of c(-18)?
2, 191
Let a(y) = y**2 - 12*y + 9. Let m be a(10). Let p = m - -37. Suppose -p = -2*f + f. What are the prime factors of f?
2, 13
Suppose 5*v - 5 = -10. Let y be 228/10 - v/5. Suppose a - 4*o - y = 0, 3*a + 3*o - 5 = 34. What are the prime factors of a?
3, 5
Let w(u) = -580*u + 59. What are the prime factors of w(-2)?
23, 53
Let t(i) = i + 5. Suppose 0 = 2*k + r - 10, 2*k - 4 = -0*r + 2*r. Let a be t(k). Suppose -5*q + a = -11. What are the prime factors of q?
2
Let y = 122 - -14. Suppose 23*b - 21*b - y = 0. List the prime factors of b.
2, 17
Suppose 1608 = -492*v + 516*v. What are the prime factors of v?
67
Let v(o) = -22*o - 52. Let g be v(-10). Let c = -51 + 143. Let u = g - c. List the prime factors of u.
2, 19
Let v(i) = i + 5. Let n be v(-7). What are the prime factors of 87*(-5)/30*n?
29
Suppose 0 = -4*f - 0*f + 8. Suppose -a - 189 = -3*c, 5 = a + f. What are the prime factors of c?
2
Suppose 0 = 2*g - 3*z - 186 - 1445, -4*g = 4*z - 3272. List the prime factors of g.
19, 43
Suppose 103*c - 22189 = 126646. List the prime factors of c.
5, 17
Suppose n - 15 = -4*n. Suppose 0 = -4*c + 2*p + 552, -3*c + 2*c - n*p + 138 = 0. What are the prime factors of c?
2, 3, 23
Let a = 80 + -58. List the prime factors of (-2488)/(-18) - (a/18 + -1).
2, 3, 23
Suppose -26 = p + 5*u, 0 = p - 4*p + 2*u - 129. Let k = 84 + p. What are the prime factors of k?
43
Let j = 224 - 133. Let b = j - -49. List the prime factors of b.
2, 5, 7
Let t(n) = 228*n**2 + 3*n - 11. What are the prime factors of t(3)?
2, 5, 41
Let d(p) = p**2 - 3*p - 2. Let w be d(4). Suppose -2*g + 97 = -g + w*b, 2*g + 2*b - 198 = 0. List the prime factors of g.
10